ulate k(-4).
-346
Let i(j) = -j**3 - 29*j**2 + 27*j - 172. Determine i(-30).
-82
Let z(d) = d**2 - 12*d + 14. Determine z(-6).
122
Let f(b) = 573*b + 7447. What is f(-13)?
-2
Let c(y) = 29*y + 212. Determine c(-8).
-20
Let q(r) = -4*r + 133. Give q(29).
17
Let p(h) = -h**2 - 5295*h - 15885. Give p(-3).
-9
Let l(s) = s**3 + 13*s**2 + 82*s + 208. Give l(-6).
-32
Let u(d) = d**3 - 2*d**2 - d - 6. Give u(-2).
-20
Let k(h) = -h**3 - 14*h**2 + 5*h - 17. Give k(-12).
-365
Let w(u) = 3*u**3 + 91*u**2 - 161*u - 28. Determine w(-32).
4
Let k(s) = -3*s**2 + 31*s + 218. What is k(12)?
158
Let p(s) = -6*s**2 + 52*s - 52. Give p(1).
-6
Let f(m) = m**3 - 84*m**2 - 262*m + 65. Calculate f(87).
-22
Let o(q) = 6*q**2 - 80*q - 377. Determine o(17).
-3
Let n(u) = 21*u - 2359. Calculate n(117).
98
Let k(a) = a**2 + 38*a + 21. Determine k(-36).
-51
Let x(v) = v**2 + 886*v + 3504. Calculate x(-4).
-24
Let f(z) = -1331*z - 3893. Calculate f(-3).
100
Let c(g) = g**3 - 25*g**2 - 54*g - 10. Give c(27).
-10
Let k(n) = 217*n + 17200. Determine k(-79).
57
Let m(c) = -c**3 - 28*c**2 - 145*c - 74. Give m(-6).
4
Let i(z) = 367*z - 43. Calculate i(1).
324
Let s(r) = -7026*r + 463710. Give s(66).
-6
Let d(i) = -12*i**2 - 8*i + 3. Determine d(1).
-17
Let s(h) = 1448*h - 180997. Calculate s(125).
3
Let q(j) = -168*j**3 - 1181*j**2 - 26*j - 17. Give q(-7).
-80
Let k(j) = 49*j**2 - 28*j + 5. Give k(2).
145
Let u(o) = o**2 + 68*o + 371. Calculate u(-62).
-1
Let v(u) = 6*u**2 + 25*u - 16. Give v(5).
259
Let w(g) = g**3 - 47*g**2 - 99*g + 60. Calculate w(49).
11
Let u(t) = 36*t - 840. Determine u(26).
96
Let u(o) = o**3 - 18*o**2 - 175*o + 8. Give u(-7).
8
Let x(t) = -5*t - 72. Give x(5).
-97
Let l(k) = -k**2 - 55*k + 274. Calculate l(-60).
-26
Let w(h) = 92*h - 86. Give w(1).
6
Let i(h) = -82*h - 191. Give i(-6).
301
Let y(b) = b**3 + 14*b**2 + 20*b. Determine y(-12).
48
Let k(q) = 18*q + 129. Give k(-6).
21
Let u(x) = 70*x + 426. Calculate u(-7).
-64
Let u(g) = -2*g**3 + 30*g**2 + 12*g + 31. Give u(15).
211
Let m(z) = z**2 - 14*z - 40. Give m(18).
32
Let v(t) = -501*t + 3498. What is v(7)?
-9
Let u(m) = -4*m**3 + 13*m**2 - 26*m + 75. Give u(4).
-77
Let v(h) = h**3 - h**2 + 84*h - 4. Determine v(0).
-4
Let t(v) = -18*v**3 - 217*v**2 - 12*v + 18. Give t(-12).
18
Let c(t) = -55*t**3 - 2*t**2 - 23*t + 22. Give c(1).
-58
Let z(a) = a**2 - 2363*a - 33273. Determine z(-14).
5
Let w(c) = -3*c**2 - 25*c + 237. Determine w(6).
-21
Let l(f) = -5*f**2 + 118*f - 551. What is l(7)?
30
Let a(n) = -2*n**2 - 154*n - 2860. Calculate a(-46).
-8
Let h(u) = -48*u - 480. Calculate h(-10).
0
Let h(a) = -a**3 + 6*a**2 - 51*a + 337. Determine h(6).
31
Let p(v) = 25*v**3 + 3*v + 2. What is p(-2)?
-204
Let s(g) = g**2 - 1751*g + 55019. What is s(32)?
11
Let v(d) = 15021*d - 120173. Calculate v(8).
-5
Let i(j) = 60*j - 352. Calculate i(6).
8
Let l(r) = r**3 + 8*r**2 + 17*r + 28. Calculate l(-6).
-2
Let i(j) = 2*j**2 + 89*j + 651. Calculate i(-35).
-14
Let g(y) = -y**3 + 5*y**2 + 25*y + 13. Give g(7).
90
Let g(y) = -y**3 - 43*y**2 - 64*y + 739. What is g(-41)?
1
Let l(i) = i**3 + 24*i**2 + 48*i + 586. Determine l(-23).
11
Let z(c) = 133*c**2 - 1057*c + 26. Give z(8).
82
Let d(g) = 653*g + 3309. Calculate d(-5).
44
Let s(k) = 30*k**2 + 6263*k + 4790. Give s(-208).
6
Let w(d) = 5099*d - 25493. What is w(5)?
2
Let p(o) = o**2 - 2076*o + 18603. Calculate p(9).
0
Let t(z) = 35*z + 281. What is t(-20)?
-419
Let h(r) = -482*r - 6724. Give h(-14).
24
Let o(x) = x**3 - 17*x**2 + 34*x - 104. Determine o(15).
-44
Let k(o) = 34*o + 1060. What is k(-31)?
6
Let h(o) = 12*o**2 + 4*o + 2. Determine h(0).
2
Let u(q) = -72*q - 1322. Calculate u(-21).
190
Let f(w) = 251*w + 508. Determine f(-2).
6
Let u(b) = -b**3 - 30*b**2 - 256*b - 147. What is u(-16)?
365
Let h(k) = 33*k - 1723. Determine h(52).
-7
Let n(r) = -996*r**2 + 37*r + 33. Give n(-1).
-1000
Let p(h) = -h**3 - 28*h**2 + 115*h - 1634. Calculate p(-33).
16
Let u(o) = 9*o**2 + 51*o - 2584. What is u(-20)?
-4
Let a(t) = -t**3 + 18*t**2 - 54*t - 76. What is a(14)?
-48
Let y(c) = -c**3 + 26*c**2 - 92*c + 46. Determine y(22).
-42
Let s(p) = 79*p - 6589. Determine s(84).
47
Let x(l) = 23*l**2 - 60*l + 34. Determine x(2).
6
Let p(g) = 312*g + 3464. What is p(-11)?
32
Let t(i) = 2*i**3 + 53*i**2 + 24*i + 14. Determine t(-26).
66
Let a(d) = 843*d - 17693. Give a(21).
10
Let f(y) = y**3 + 11*y**2 + 14*y - 42. Give f(-9).
-6
Let a(i) = i**3 - 46*i**2 - 74*i - 5. Give a(48).
1051
Let d(b) = 52*b + 452. Determine d(-10).
-68
Let z(j) = j**3 + 14*j**2 + 15*j - 27. Calculate z(-12).
81
Let p(c) = c**3 - 9*c**2 + 37*c - 250. What is p(8)?
-18
Let t(c) = -c**2 + 102*c + 2161. What is t(120)?
1
Let h(z) = -2*z**2 - 65*z - 287. Determine h(-27).
10
Let u(w) = 6*w**2 + 9*w - 1. What is u(9)?
566
Let j(x) = -x**3 - x**2 - 410*x - 2. Give j(0).
-2
Let b(m) = 3*m**2 + 8*m - 77. Determine b(-6).
-17
Let n(i) = i**2 + 35*i + 283. Give n(-19).
-21
Let d(j) = 2*j**3 - 131*j**2 + 499*j + 5. Calculate d(4).
33
Let a(k) = -10*k**2 + 46*k - 5. Give a(5).
-25
Let k(q) = q**2 - 115*q - 1538. Calculate k(-12).
-14
Let x(q) = -24*q + 279. Give x(13).
-33
Let n(x) = -4*x**2 - 194*x - 131. What is n(-48)?
-35
Let m(d) = 6*d + 104. What is m(-19)?
-10
Let v(f) = -54*f**2 - 123*f - 124. Calculate v(-1).
-55
Let s(o) = -1989*o + 23868. Calculate s(12).
0
Let v(q) = 2*q**3 + 16*q**2 + 47*q + 390. Calculate v(-8).
14
Let q(m) = -3*m**2 + 15*m + 82. Determine q(-5).
-68
Let t(m) = -27*m**2 + 9*m - 32. Give t(-4).
-500
Let j(f) = 3*f**2 - 89*f + 401. Determine j(24).
-7
Let n(r) = 234*r - 1654. What is n(7)?
-16
Let l(d) = -36*d + 645. What is l(18)?
-3
Let j(v) = 2*v**3 + 64*v**2 - 2*v - 40. What is j(-32)?
24
Let z(b) = -659*b - 10531. What is z(-16)?
13
Let z(n) = 4*n**3 + 32*n**2 - 34*n + 25. Calculate z(-9).
7
Let i(f) = -f**3 + 196*f**2 - 6355*f + 18. Calculate i(155).
18
Let v(g) = 9*g - 203. Give v(25).
22
Let b(i) = -13*i + 146. Calculate b(16).
-62
Let g(h) = h**2 - 11*h - 120. What is g(0)?
-120
Let f(a) = 7*a**3 + 46*a**2 + 22*a + 2. What is f(-6)?
14
Let g(r) = 143*r + 14016. Calculate g(-98).
2
Let f(h) = h**2 - 15*h - 311. What is f(24)?
-95
Let f(a) = a**3 - 43*a**2 + 444*a - 39. Give f(17).
-5
Let p(c) = 6*c**3 + 21*c**2 + 26*c + 4. Calculate p(-3).
-47
Let c(t) = -7*t**3 + 246*t**2 - 32*t - 112. What is c(35)?
-7
Let q(m) = m**3 + 7*m**2 - 1226*m - 4940. Give q(-4).
12
Let s(d) = 7*d**3 - 380*d**2 + 110*d - 122. Give s(54).
-14
Let t(w) = 15*w + 312. Calculate t(-13).
117
Let g(x) = -121*x - 7118. Determine g(-59).
21
Let a(l) = l**3 + 11*l**2 - 726*l - 52. What is a(-33)?
-52
Let r(n) = -n**2 + 375*n + 754. What is r(-2)?
0
Let r(a) = -2*a**3 + a - 359. Give r(0).
-359
Let y(n) = 2*n**3 - 25*n**2 + n - 178. Determine y(13).
4
Let v(h) = -h**3 + 3*h**2 - 3*h - 112. Determine v(0).
-112
Let h(c) = -c**3 - 57*c**2 - 98*c - 2253. What is h(-56)?
99
Let v(s) = s**3 + 133*s**2 - 144*s - 1339. Give v(-134).
1
Let z(l) = -939*l - 9348. What is z(-10)?
42
Let h(n) = n**3 - 6*n**2 + 88*n - 559. What is h(6)?
-31
Let l(y) = y**2 + 23*y + 126. What is l(-13)?
-4
Let h(x) = x**3 - 79*x**2 - 165*x + 252. Calculate h(81).
9
Let h(r) = 9*r**2 + 46*r - 6. Determine h(-5).
-11
Let o(z) = -3*z**3 + 12*z**2 + 5*z - 29. Determine o(2).
5
Let x(u) = 101*u - 918. What is x(9)?
-9
Let m(n) = -3421*n - 25. What is m(0)?
-25
Let a(g) = -8251*g + 222780. What is a(27)?
3
Let o(b) = 12*b - 312. What is o(47)?
252
Let w(f) = 5*f**2 - 755*f + 2950. Give w(4).
10
Let j(g) = -12*g**2 + 21*g + 12. Calculate j(6).
-294
Let q(l) = -60*l - 2938. Give q(-46).
-178
Let q(p) = 3*p**2 - 17*p + 35. Give q(6).
41
Let y(x) = -6*x - 99. Determine y(-18).
9
Let w(f) = 2*f**3 - 3*f**2 - 8*f + 7. Determine w(-4).
-137
Let a(p) = -p**3 - 149*p**2 - 2359*p - 19. Determine a(-18).
-1
Let t(p) = -p**3 + 17*p**2 + 5*p + 33. Give t(17).
118
Let g(a) = -42*a - 1103. Determine g(-40).
577
Let g(t) = -2*t**2 + 3*t + 3. What is g(2)?
1
Let j(l) = -3*l**2 - 9*l + 17. Calculate j(7).
-193
Let k(l) = -65*l + 108. Calculate k(2).
-22
Let o(t) = -1367*t - 16371. What is o(-12)?
33
Let l(z) = 35*z**2 - 832*z - 5034. Give l(-5).
1
Let r(k) = 54*k - 6964. Determine r(129).
2
Let l(w) = 44*w**2 - 188*w - 179. Calculate l(5).
-19
Let k(i) = 3*i**3 - 350*i*